 the remainder when 134 is divided by w.
8
Let w be (6 - 1)*192/40. Let y = 40 - w. Let j = -49 - -111. What is the remainder when j is divided by y?
14
Calculate the remainder when 215 is divided by (-2 - -9) + 23 + -6.
23
Let q = -353 + 398. Let w = 2 + 8. What is the remainder when q is divided by w?
5
Let t = 118 + -60. Let p = t + -34. Calculate the remainder when p is divided by 13.
11
Suppose -1166*s + 4103 = -1155*s. What is the remainder when s is divided by 42?
37
Suppose -25*i = -31*i + 90. Suppose b - 6*b + 260 = 0. Suppose t - 4*z - 15 = 0, -4*t - 2*z - b = -166. Calculate the remainder when t is divided by i.
12
Let j(v) = -v**2 + 23. Let y = -162 - -252. Suppose 3*f - b - 4*b = 139, -2*b - y = -2*f. Calculate the remainder when f is divided by j(0).
20
Suppose 46*v - 2870 = 5*v. Calculate the remainder when 138 is divided by v.
68
Let k = 59 - 41. Let l = k + 32. What is the remainder when l is divided by 26?
24
Suppose -d + 2*a - 7 = 0, 2*a - 3*a = d - 8. Let f(y) = 2*y**3 - 5*y**2 + 3*y - 4. What is the remainder when 24 is divided by f(d)?
10
Suppose 0 = z - 555*s + 559*s - 40, 2*s - 34 = -z. Suppose -16 = -2*t - 6. What is the remainder when z is divided by t?
3
Suppose -20 = -n + 5*o, 2*o + 6 = -0*o. Suppose -2*u = n*w - 39, 4*u - 8*w + 4*w = 92. What is the remainder when u is divided by 8?
6
Let p = -14 - -26. What is the remainder when 57 is divided by -4 - 140/p*6/(-2)?
26
Suppose 0 = -31*x + 12*x + 39691. What is the remainder when x is divided by 55?
54
Let f(h) = 25*h**3 + h**2 - 2*h + 1. What is the remainder when 47 is divided by f(1)?
22
Let f = 785 - 731. Calculate the remainder when 593 is divided by f.
53
Let x(d) = -22*d - 3. Let s be x(1). Let h = s + 33. Let t(p) = -5*p - 2. Calculate the remainder when t(-3) is divided by h.
5
Calculate the remainder when (6/(-9))/(1925/(-1911) + 1) is divided by 24.
19
Let n(m) = -m**2 + 74. Let v(b) = b**2 - 5*b - 3. Let r be v(6). Suppose r*u - d + 2*d = 0, u = 5*d. What is the remainder when n(u) is divided by 19?
17
Suppose -2*c + 2 = 2*i, -5*c + 3*c + 4*i = -20. Suppose 0 = -c*w + w + 12. What is the remainder when (40/(-6))/(w/(-30)) is divided by 13?
11
Suppose -w + x = 8 - 23, 0 = -4*w + x + 45. Let f(l) = 2*l + 22. Calculate the remainder when f(8) is divided by w.
8
Let b(j) = 3*j + 62. Calculate the remainder when b(-11) is divided by 3/(3 + (-90)/32).
13
Suppose -5*s + 2*s = -3. Suppose t - s - 3 = 0. Suppose -30 = -8*d + 3*d. Calculate the remainder when d is divided by t.
2
Let h = 1008 - 987. Calculate the remainder when 72 is divided by h.
9
Calculate the remainder when 92 - (1 + 4/(-2)) is divided by 10/((-10)/36*(-9)/12).
45
Let r = -53 + 60. Calculate the remainder when 104 is divided by r.
6
Suppose 48*i - 46*i - 54 = 0. Suppose -3*f - 5*n = -i, 5*f - 9 + 4 = 5*n. What is the remainder when 6 is divided by f?
2
Let x = -374 + 997. Calculate the remainder when x is divided by 13.
12
Suppose -2*l + 2*m = -3*m - 22, l = -2*m + 2. Suppose 348 = -2*y + l*y. What is the remainder when y is divided by 15?
12
Let n = 6 - -34. What is the remainder when 72 is divided by ((-3)/2*-1)/(4/n)?
12
Let u(h) = 34*h - 326. What is the remainder when 155 is divided by u(11)?
11
Let k(i) = -i**3 + 15*i**2 + 3*i + 26. Let u(o) = 4*o + 5. Calculate the remainder when k(15) is divided by u(5).
21
Let p = 1679 + -1199. Suppose 0 = -4*k - 2*k + p. Calculate the remainder when k is divided by 27.
26
Suppose -3*k + 0 = -6. What is the remainder when 42 is divided by k?
0
Let t = -728 - -764. Calculate the remainder when 68 is divided by t.
32
Suppose -981 = -29*n + 7603. Calculate the remainder when n is divided by 34.
24
Let z = -189 + 204. Calculate the remainder when 162 is divided by z.
12
Suppose 4*x = -2*o, 5*o - 4*o + 4*x = 0. Suppose o = 3*r, 2*q - 2*r - 16 = -6*r. Calculate the remainder when 12 is divided by q.
4
Let o = -29 - -94. What is the remainder when 256 is divided by o?
61
Let p(q) = -2 - 4 + 2 - 22*q. What is the remainder when p(-2) is divided by 21?
19
Let l be ((-2)/(-6))/(12/1404). Suppose -33 = -9*c + l. What is the remainder when 46 is divided by c?
6
What is the remainder when 87 is divided by (-1*1)/(-1*(-5)/(-250))?
37
Let h(p) = -p**2 + 12*p - 15. Let c = 4 - 0. Suppose v - 4*l = 22, -c*l - 35 - 7 = -3*v. What is the remainder when 9 is divided by h(v)?
4
Let z = 14 + -8. Suppose 55 = -p + z*p. Calculate the remainder when 31 is divided by p.
9
Let b = 45 - 21. Let d = -7 + b. Let o(s) = s**3 - 6*s**2 + 6. Calculate the remainder when d is divided by o(6).
5
Suppose -2*y + 3*z + 204 = 0, -4 = z + z. Let a = y - 68. Let d(u) = u**2 + u + 11. What is the remainder when a is divided by d(0)?
9
Let f(b) = -65*b - 766. What is the remainder when 117 is divided by f(-13)?
38
Let b(p) = -140*p - 1. Calculate the remainder when b(-1) is divided by 7.
6
Let i(a) = -3*a**2 + 22*a + 6. Calculate the remainder when i(7) is divided by (-57)/(-12) + (-4)/(-16).
3
Let u be (3/1)/(-6)*0. Suppose -3*w + 7*l + 327 = 2*l, -2*w + 2*l + 214 = u. What is the remainder when w is divided by 35*1 + (3 - 3)?
34
Let o be 1 + -2 - 0 - 1. Let u = 851 + -851. What is the remainder when 127 is divided by 32 + (u/2)/o?
31
Let k(x) = -x**3 - 4*x - 8. What is the remainder when 307 is divided by k(-2)?
3
Let l = 33 + -18. Let p = -26 - -14. Let c = p + l. Calculate the remainder when 8 is divided by c.
2
Let t(y) = -3*y**2 - 5*y - 2. Let c be t(-3). What is the remainder when 33 is divided by 1 + (-1 - (1 + c))?
7
Let t = 326 - 287. What is the remainder when 98 is divided by t?
20
Suppose k + 2*s - 6 = 0, -4*k - 3*s = -0*k - 14. Suppose -5*w = 5*f - 49 + 9, 0 = -2*w + 2*f + 28. What is the remainder when w is divided by k?
1
Suppose -v = -4*o + 2*v + 360, 340 = 4*o + 2*v. What is the remainder when 344 is divided by o?
83
What is the remainder when 37 is divided by ((-168)/16)/((45/(-12))/5)?
9
Suppose -r + 1 = -u - 6, 2*u = 3*r - 17. Suppose 2*g + 48 = r*c, 2*g + 33 = 2*c - 1. Let d = -38 - -42. Calculate the remainder when c is divided by d.
2
Suppose 0 = -2*q - h + 35 - 30, q + 3*h = -10. Calculate the remainder when q is divided by 2.
1
Suppose -4*q - 583 + 3703 = 0. Calculate the remainder when q is divided by 34.
32
Suppose -x = x + 22. Suppose -k - 5*d = 8, 8 = -k - 2*d - 2*d. Let w = k - x. Calculate the remainder when 8 is divided by w.
2
Suppose -3*z = 9, 0 = -4*j - j + 3*z + 9. Suppose -2*l + l + 24 = j. What is the remainder when l is divided by 9?
6
Suppose 8*m = 7*m. Suppose -w = -5*f + 22, w + m - 3 = 0. Suppose 265 = f*a - 0*a. Calculate the remainder when a is divided by 11.
9
Suppose 0 = -5*z - 2*l + 413, -3*z + 57 + 202 = 4*l. Calculate the remainder when 82 is divided by z.
1
Suppose 3*n = 13 + 2. Suppose 5*z - 72 = -4*f, 27 = n*z - 5*f - 18. Let a = -155 - -160. Calculate the remainder when z is divided by a.
2
Let y(o) be the second derivative of o**5/20 + 11*o**4/12 + 5*o**3/2 - 4*o**2 + 8*o. What is the remainder when 94 is divided by y(-9)?
18
Suppose -5*n = 3*o - 174, -2*o + 4*n = 21 - 137. Let y(i) = 3*i + 4. Let a be y(3). Calculate the remainder when o is divided by a + 4/(-2 - -4).
13
Let g(o) = -3*o + 31. Let r(a) = a**3 + 9*a**2 - 10*a + 10. Calculate the remainder when r(-10) is divided by g(9).
2
Calculate the remainder when 1/(10/646) + 332/830 is divided by 19.
8
Let t(g) = g**3 + g**2 + 6. Let h be t(0). Let n(q) = 2*q. What is the remainder when 21 is divided by n(h)?
9
Let d be ((-27)/(-3) + -4)*6. What is the remainder when (110/d)/(2/6) is divided by 6?
5
Let n = -40 + -59. What is the remainder when 1*(-2 - (n - -1)) is divided by 20?
16
Let x(q) = 11*q**2 + 1. Let t be (-3)/(-3)*-1 - 0. Let i be x(t). Suppose n = i - 3. Calculate the remainder when 32 is divided by n.
5
Let r = 388 - 193. What is the remainder when r is divided by 66?
63
Let s(y) = -4*y**2 + 2*y + 1. Let p be s(1). Calculate the remainder when 176 is divided by (76/(-20) + 5)/(p/(-15)).
14
Let p = -130 + 145. What is the remainder when 44 is divided by p?
14
Let s be (1*15/(-9))/(-1)*3. Suppose 0 = s*l - 8*l + 12. What is the remainder when 21 is divided by l?
1
Suppose 10*f - 8*f + 14 = 0. Calculate the remainder when 26 is divided by 0 + -3 - f - -3.
5
Let s = -18 - 